{"id":1203,"date":"2025-11-08T22:01:18","date_gmt":"2025-11-08T21:01:18","guid":{"rendered":"https:\/\/fremdenfuehrer.wien\/?page_id=1203"},"modified":"2026-03-26T17:28:57","modified_gmt":"2026-03-26T16:28:57","slug":"wien-lexikon","status":"publish","type":"page","link":"https:\/\/fremdenfuehrer.wien\/?page_id=1203","title":{"rendered":""},"content":{"rendered":"\n<div superb-addons-animation=\"fadeIn\" class=\"wp-block-cover alignwide\" style=\"padding-top:var(--wp--preset--spacing--superbspacing-medium);padding-right:0;padding-bottom:var(--wp--preset--spacing--superbspacing-medium);padding-left:0;min-height:50px;aspect-ratio:unset;opacity: 0;\"><img loading=\"lazy\" decoding=\"async\" width=\"1000\" height=\"643\" class=\"wp-block-cover__image-background wp-image-651 size-full\" alt=\"\" src=\"https:\/\/fremdenfuehrer.wien\/wp-content\/uploads\/2025\/11\/cities_vienna_40-5.jpg\" style=\"object-position:50% 30%\" data-object-fit=\"cover\" data-object-position=\"50% 30%\" srcset=\"https:\/\/fremdenfuehrer.wien\/wp-content\/uploads\/2025\/11\/cities_vienna_40-5.jpg 1000w, https:\/\/fremdenfuehrer.wien\/wp-content\/uploads\/2025\/11\/cities_vienna_40-5-480x309.jpg 480w\" sizes=\"auto, (max-width: 1000px) 100vw, 1000px\" \/><span aria-hidden=\"true\" class=\"wp-block-cover__background has-background-dim\" style=\"background-color:#4f4d45\"><\/span><div class=\"wp-block-cover__inner-container is-layout-flow wp-block-cover-is-layout-flow\">\n<div class=\"wp-block-group has-global-padding is-layout-constrained wp-container-core-group-is-layout-469d72c6 wp-block-group-is-layout-constrained\" style=\"padding-top:0;padding-right:var(--wp--preset--spacing--superbspacing-small);padding-bottom:0;padding-left:var(--wp--preset--spacing--superbspacing-small)\">\n<div class=\"wp-block-group has-global-padding is-content-justification-center is-layout-constrained wp-container-core-group-is-layout-4ac9054d wp-block-group-is-layout-constrained\" style=\"margin-top:0;margin-bottom:0\">\n<h1 superb-addons-animation=\"fadeInLeft\" class=\"wp-block-heading has-text-align-center has-contrast-dark-color has-text-color has-superbfont-xxlarge-font-size\" style=\"font-style:normal;font-weight:400;opacity: 0;\"><mark style=\"background-color:#fcb900;color:#fcb900\" class=\"has-inline-color\">..<\/mark><mark style=\"background-color:#fcb900;color:#0b0b0b\" class=\"has-inline-color\">Wien im Detail<\/mark><mark style=\"background-color:#fcb900;color:#000000\" class=\"has-inline-color\">!<\/mark><mark style=\"background-color:#fcb900;color:#fcb900\" class=\"has-inline-color\">..<\/mark><br><mark style=\"background-color:#fcb900;color:#fcb900\" class=\"has-inline-color\">..<\/mark><mark style=\"background-color:#fcb900;color:#0b0b0b\" class=\"has-inline-color\">(Alle Bezirke und gute Links)<\/mark><mark style=\"background-color:#fcb900;color:#fcb900\" class=\"has-inline-color\">..<\/mark><\/h1>\n\n\n\n<p superb-addons-animation=\"fadeInRight\" class=\"has-text-align-center has-luminous-vivid-amber-color has-text-color\" style=\"margin-bottom:var(--wp--preset--spacing--superbspacing-small);font-size:clamp(1.25em, 1.25rem + ((1vw - 0.2em) * 0.938), 2em);opacity: 0;\">W\u00e4hle bitte aus!<\/p>\n\n\n\n<div class=\"wp-block-buttons is-content-justification-center is-layout-flex wp-container-core-buttons-is-layout-a89b3969 wp-block-buttons-is-layout-flex\">\n<div class=\"wp-block-button is-style-fill\"><a class=\"wp-block-button__link has-luminous-vivid-amber-color has-text-color has-link-color has-border-color has-luminous-vivid-amber-border-color wp-element-button\" href=\"https:\/\/fremdenfuehrer.wien\/?page_id=2055\" style=\"border-width:1px\">Alle Bezirke<\/a><\/div>\n\n\n\n<div class=\"wp-block-button is-style-fill\"><a class=\"wp-block-button__link has-luminous-vivid-amber-color has-text-color has-link-color has-border-color has-luminous-vivid-amber-border-color wp-element-button\" href=\"https:\/\/fremdenfuehrer.wien\/?page_id=2042\" style=\"border-width:1px\">Wien Links<\/a><\/div>\n<\/div>\n<\/div>\n<\/div>\n<\/div><\/div>\n\n\n\n<p class=\"has-contrast-dark-color has-text-color has-link-color wp-elements-292bd1884e445de4595bec3c8d377a52\" style=\"font-size:clamp(1.25em, 1.25rem + ((1vw - 0.2em) * 0.938), 2em);\">Wien in all seinen Facetten<\/p>\n\n\n\n<p class=\"has-contrast-dark-color has-text-color has-link-color wp-elements-c55bf01754ceb6480e49b3d9acc098e4\" style=\"font-size:clamp(0.875em, 0.875rem + ((1vw - 0.2em) * 0.406), 1.2em);\">Vom Prunk der City bis zum Rebenh\u00fcgel, verleiht die Donaustadt der Sehnsucht Fl\u00fcgel. Wo Kaisergeist auf moderne Trends eiskalt trifft, erz\u00e4hlt jeder Bezirk seine eigene Schrift. Vom \u201eErsten\u201c bis zum \u201eDreiundzwanzigsten\u201c im Bund, tut sich Geschichte auf jedem Pflaster kund. Tauch ein in das Herz, das so vielf\u00e4ltig schl\u00e4gt, und schau, was die Viertel im Inneren bewegt. Folge den Pfaden, die wir hier f\u00fcr dich weben, <strong>klick auf die Links  oben \u2013 und beginn Wien zu erleben.<\/strong><mark style=\"background-color:rgba(0, 0, 0, 0);color:#000000\" class=\"has-inline-color\"> <\/mark><\/p>\n\n\n\n<p class=\"has-contrast-dark-color has-text-color has-link-color wp-elements-17784090786f53eb28157dc99727fa85\" style=\"font-size:clamp(16.834px, 1.052rem + ((1vw - 3.2px) * 0.716), 26px);\">Links<\/p>\n\n\n\n<div class=\"wp-block-buttons is-content-justification-left is-layout-flex wp-container-core-buttons-is-layout-fc4fd283 wp-block-buttons-is-layout-flex\">\n<div class=\"wp-block-button is-style-outline is-style-outline--1\"><a class=\"wp-block-button__link has-contrast-dark-color has-text-color has-link-color has-border-color has-contrast-dark-border-color wp-element-button\" href=\"https:\/\/fremdenfuehrer.wien\/?page_id=2055\" style=\"border-width:1px\">Alle Bezirke<\/a><\/div>\n\n\n\n<div class=\"wp-block-button is-style-outline is-style-outline--2\"><a class=\"wp-block-button__link has-contrast-dark-color has-text-color has-link-color has-border-color has-contrast-dark-border-color wp-element-button\" href=\"https:\/\/fremdenfuehrer.wien\/?page_id=2042\" style=\"border-width:1px\">Wien Links<\/a><\/div>\n<\/div>\n\n\n\n<p class=\"has-contrast-dark-color has-text-color has-link-color wp-elements-c41e3046b0318a1e48ce4fa856f971ad\" style=\"font-size:clamp(16.834px, 1.052rem + ((1vw - 3.2px) * 0.716), 26px);\"><\/p>\n\n\n\n<p><\/p>\n\n\n\n<p><\/p>\n","protected":false},"excerpt":{"rendered":"<p>Wien in all seinen Facetten Vom Prunk der City bis zum Rebenh\u00fcgel, verleiht die Donaustadt der Sehnsucht Fl\u00fcgel. Wo Kaisergeist auf moderne Trends eiskalt trifft, erz\u00e4hlt jeder Bezirk seine eigene Schrift. Vom \u201eErsten\u201c bis zum \u201eDreiundzwanzigsten\u201c im Bund, tut sich Geschichte auf jedem Pflaster kund. Tauch ein in das Herz, das so vielf\u00e4ltig schl\u00e4gt, und [&hellip;]<\/p>\n","protected":false},"author":1,"featured_media":0,"parent":0,"menu_order":0,"comment_status":"closed","ping_status":"closed","template":"","meta":{"footnotes":""},"class_list":["post-1203","page","type-page","status-publish","hentry"],"jetpack_sharing_enabled":true,"_links":{"self":[{"href":"https:\/\/fremdenfuehrer.wien\/index.php?rest_route=\/wp\/v2\/pages\/1203","targetHints":{"allow":["GET"]}}],"collection":[{"href":"https:\/\/fremdenfuehrer.wien\/index.php?rest_route=\/wp\/v2\/pages"}],"about":[{"href":"https:\/\/fremdenfuehrer.wien\/index.php?rest_route=\/wp\/v2\/types\/page"}],"author":[{"embeddable":true,"href":"https:\/\/fremdenfuehrer.wien\/index.php?rest_route=\/wp\/v2\/users\/1"}],"replies":[{"embeddable":true,"href":"https:\/\/fremdenfuehrer.wien\/index.php?rest_route=%2Fwp%2Fv2%2Fcomments&post=1203"}],"version-history":[{"count":21,"href":"https:\/\/fremdenfuehrer.wien\/index.php?rest_route=\/wp\/v2\/pages\/1203\/revisions"}],"predecessor-version":[{"id":2233,"href":"https:\/\/fremdenfuehrer.wien\/index.php?rest_route=\/wp\/v2\/pages\/1203\/revisions\/2233"}],"wp:attachment":[{"href":"https:\/\/fremdenfuehrer.wien\/index.php?rest_route=%2Fwp%2Fv2%2Fmedia&parent=1203"}],"curies":[{"name":"wp","href":"https:\/\/api.w.org\/{rel}","templated":true}]}}